of 35 and k?
7
Suppose 5 = 4*l - 19. Calculate the highest common divisor of 66 and l.
6
Let c(u) = -34*u - 5. Let j be c(-5). Calculate the greatest common divisor of j and 15.
15
Suppose j = 6*j + 4*c - 61, 0 = 5*j + 5*c - 65. Calculate the greatest common divisor of j and 45.
9
Let r be (-30 + 0/3)*5/(-10). What is the greatest common factor of 75 and r?
15
Suppose -17 = -5*j + 2*k, 0*k = -5*j - 5*k + 10. Suppose 2*x = 3*d - 196, -d + 260 = j*d - 2*x. Calculate the highest common factor of d and 16.
16
Let i(b) = -3*b + 7. Let l be i(-5). Suppose 0*c = -c + l. Calculate the greatest common factor of c and 11.
11
Let g be 1*(-46)/(-2) + -3. Suppose 0 = -5*x + x + g. Calculate the greatest common factor of x and 20.
5
Let m(s) = s**2 - 2*s + 14. Let x be m(0). Calculate the highest common factor of x and 28.
14
Let s(k) = 2*k + 2. Let q be s(3). Suppose 0 = 5*u - 4*z - 10, 4*u - 2*z - 8 = 0. Calculate the highest common factor of q and u.
2
Suppose -z + 4*g = 1, 3*g - 4 = 4*z - 0*g. Let i = 1 + z. Suppose 4*h - 42 = -3*d - 0*d, i = 2*h - 4*d - 32. Calculate the highest common factor of h and 12.
12
Let f be 16/3*(-90)/(-24). Let u = 34 - f. Calculate the greatest common divisor of 28 and u.
14
Suppose -5*f + 5 = 15. Let a be 2*-1*f*5. What is the highest common divisor of 50 and a?
10
Let q(z) = -2 + 8*z - 5*z - 8. Let r be q(5). Calculate the greatest common divisor of 1 and r.
1
Let s(c) = 2*c - 4. Let t be s(9). What is the highest common divisor of 7 and t?
7
Suppose 4*y = -l - 0*l + 63, -4*l + 252 = -2*y. Suppose 61 = 5*f + 4*x, 3*x - 7 = f - x. Calculate the highest common factor of l and f.
9
Let h(l) = -l**2 - 4*l + 1. Let j be h(-3). Suppose o - 10 = -j*r, 2*o = 3 + 1. What is the highest common divisor of r and 10?
2
Let p = -53 - -134. Calculate the highest common divisor of p and 9.
9
Let i be (4/2 + -70)/(-1). Let h(c) = -c - 4. Let q be h(-6). Suppose q*u = 4*r - 62, -42 + 6 = -3*r + 5*u. Calculate the greatest common divisor of r and i.
17
Let z be (1 - 3) + 9 + 2. Let s be (30/z)/((-4)/(-6)). Suppose h - 2*h + 16 = s*j, 0 = -5*j - 2*h + 17. What is the greatest common factor of 27 and j?
3
Suppose -6*w + 3*p = -w - 9, -5*w + 2*p + 6 = 0. Suppose 5*v = -w*v - 20. Let c = 114 + v. What is the greatest common factor of 10 and c?
10
Suppose 2*n - 4*n + 224 = 0. What is the highest common divisor of 16 and n?
16
Let a(m) = -m**2 + 7*m + 4. Let o be a(8). Let d = 17 - o. Calculate the highest common divisor of d and 21.
21
Let z = -121 - -177. What is the highest common factor of z and 21?
7
Let u = -12 - -21. Suppose u = 4*x - 151. Calculate the greatest common factor of 8 and x.
8
Suppose -5*u + 90 = 2*i, 3*u + 54 = 6*u - i. What is the highest common factor of 18 and u?
18
Let m(t) = 5*t**2 + 5 + 9*t + 3*t**2 + t**3 + 6 - 9. Let g be m(-6). Calculate the highest common divisor of 10 and g.
10
Suppose -w - 14 - 2 = 0. Let u = w - -26. What is the highest common factor of 110 and u?
10
Suppose -3*n = -3*a - 6, 0 = -n - 4*a + 8 + 9. Suppose -3*l - 6*u + 2*u = -76, 2*l + n*u - 60 = 0. What is the highest common factor of l and 8?
4
Let z(o) be the first derivative of o - 2 + 1/2*o**2 + 8*o**3. Let b be z(-1). Calculate the highest common divisor of b and 3.
3
Suppose u - 24 = -4*d + 2*d, -d + 19 = u. Let h = 7 + -2. Suppose -o + 2 = -h. What is the greatest common factor of u and o?
7
Suppose -10 = 2*x - 4*x. Suppose x*l - 2 = 13. Let m be ((-16)/3)/(-1)*l. What is the highest common factor of 176 and m?
16
Suppose 40 + 50 = 3*v. Calculate the greatest common divisor of 6 and v.
6
Suppose 0*n + 5*n + 75 = 2*m, 73 = 2*m - 3*n. Calculate the highest common divisor of m and 35.
35
Suppose -3*p = 5*h - 3*h + 9, 32 = 4*h - 4*p. Suppose 8*u = h*u + 75. Calculate the highest common factor of 30 and u.
15
Let t = 35 - 20. Let j = -31 - -34. Calculate the highest common factor of t and j.
3
Let p be (-1)/((-4)/(-16)) - -14. What is the highest common factor of 20 and p?
10
Suppose 0*n + 4*n = 288. Let a be ((-48)/(-20))/((-3)/(-10)). Calculate the highest common divisor of n and a.
8
Suppose -13 + 53 = 5*r. Calculate the greatest common divisor of 8 and r.
8
Suppose -i + 4*o + 9 = 0, 3*i - 2*o = i + 30. Calculate the highest common divisor of i and 34.
17
Let d = -2 + 3. Let l(t) = 90*t**2 + t. Let x be l(d). Let m = -643 - -656. What is the highest common divisor of m and x?
13
Let d be (-1 + -65)/((-7)/(70/15)). What is the highest common divisor of d and 4?
4
Suppose -5*i = 2*x - 31, 3*x + 0*x = -i + 53. Let l(u) = -6*u + 2. Let c be l(-3). Let z = -11 + c. Calculate the highest common factor of x and z.
9
Let m = 518 - 200. What is the greatest common divisor of 53 and m?
53
Let p = 226 - 58. Calculate the greatest common factor of 24 and p.
24
Let r be (-2)/(-4) + 15/6. Suppose 57 = 4*f + r*n + 10, 57 = 3*f - 5*n. Suppose 154 = x - 0. Calculate the highest common divisor of f and x.
14
Let q = -86 - -167. Suppose 0 = -5*w - 0*w + 20. Suppose -f = -5 - w. What is the greatest common divisor of q and f?
9
Let k(f) = -2*f - 3. Let c be k(-3). Suppose -2*d - c*d = 10. Let u be 10 - (1 - 3)/d. Calculate the greatest common divisor of 81 and u.
9
Let b(c) = -4*c - 38. Let d be b(-11). What is the highest common divisor of d and 6?
6
Let z be (-3 - -3) + ((-24)/(-3) - 1). Calculate the highest common factor of z and 28.
7
Let m be 4/(-10) - 24/(-10). Let q = 287 - 273. What is the highest common factor of m and q?
2
Let q be (-10)/4*4/(-2). Suppose -5*u = 5*k, 6*u - u = 3*k. Let l = q - u. What is the greatest common factor of 15 and l?
5
Let s be (-2)/10 + 382/10 + -2. What is the highest common divisor of 252 and s?
36
Suppose 0 = 2*k - 4 - 4. Suppose 4*l + k*m = 12, 2*m + 0*m + 15 = 5*l. What is the highest common factor of 15 and l?
3
Suppose -5*h = -1260 - 1325. Calculate the greatest common divisor of h and 47.
47
Let w be (0 + -1 - 2) + 147. Let h be (-6)/9 - (-50)/3. Calculate the highest common factor of w and h.
16
Suppose 3*a = -z + 41 + 71, z = 2*a - 73. Suppose 3 + a = 4*f. What is the greatest common factor of 2 and f?
2
Let i be (10/(-20))/((-2)/232). What is the highest common factor of 522 and i?
58
Suppose 0 = -5*f - 19 + 269. Calculate the greatest common factor of f and 200.
50
Let s = 0 + -2. Let z be 2 - (0 + 0) - 5. Let m be ((-2)/s)/(z/(-6)). Calculate the greatest common factor of m and 2.
2
Let o(p) = -5*p**2 - 6*p - 5. Let v(k) = -2*k**2 - 3*k - 2. Let l(s) = -6*o(s) + 13*v(s). Let d be l(2). What is the greatest common factor of 42 and d?
14
Let i(v) = -2*v - v + 0*v**3 - v**3 + 5*v**2 - 5. Let y be i(4). Let k be (1 - y) + (-3)/(-1). Calculate the greatest common divisor of 20 and k.
5
Let r = -67 + 95. Suppose i - 49 = -7. What is the highest common divisor of i and r?
14
Suppose -3*m = 12, 0 = 2*g - m + 6*m + 46. Let l = 2 - g. Suppose 2*q - 12 = -2*r, -2*r + 7*r - l = 0. Calculate the greatest common factor of q and 1.
1
Suppose 3*l - 342 = -99. What is the greatest common factor of 9 and l?
9
Let c(a) = -14*a**3 + 0*a + a + 5 - 3. Let b be c(-2). What is the highest common divisor of b and 14?
14
Suppose -u - u + 230 = 0. What is the greatest common factor of 23 and u?
23
Let j = 25 + -29. Let z(o) = o**3 + 6*o**2 + 2*o - 6. Let p be z(j). What is the greatest common divisor of 6 and p?
6
Let h be ((-4)/6)/(6/(-45)). Suppose 0 = -6*n + 3*n - 4*z + 15, -4*n + z + 20 = 0. Calculate the greatest common divisor of h and n.
5
Let g be ((-2)/4)/((-3)/12). Suppose -u - g*u + 33 = 0. What is the highest common factor of u and 33?
11
Let t = 4 - 0. Suppose 4*o + t = -8. Let g be (2/(-4))/(o/42). Calculate the highest common divisor of g and 7.
7
Suppose 2*i = -4*y + 42, -4*i - 2*y + 84 = -3*y. Let r be i*((-15)/7 + 3). What is the greatest common divisor of r and 45?
9
Let l(j) be the second derivative of -j**3/3 + 3*j**2 - 2*j. Let f be l(4). Let z = 4 + f. What is the highest common divisor of 8 and z?
2
Let u(w) = -2*w - 5. Let v(y) = 3*y + 4. Let f(p) = 2*u(p) + 3*v(p). Let b be 8*(-1)/(-2) + 1. Let d be f(b). What is the greatest common divisor of d and 9?
9
Suppose -5*p - 108 = 32. Let s = 54 + p. What is the greatest common factor of 39 and s?
13
Let k be (-6)/(-4) - 69/(-6). What is the greatest common facto